 divisor of 358 and 15573?
179
Calculate the highest common divisor of 6167 and 7.
7
What is the highest common divisor of 372 and 24?
12
Calculate the greatest common divisor of 2751 and 105.
21
What is the greatest common factor of 493 and 29?
29
What is the greatest common divisor of 324 and 72?
36
What is the highest common factor of 456 and 96?
24
What is the greatest common factor of 100 and 11580?
20
What is the greatest common divisor of 309 and 4223?
103
What is the highest common divisor of 372 and 62868?
372
Calculate the highest common divisor of 68 and 12.
4
What is the highest common factor of 188 and 8?
4
What is the greatest common divisor of 415 and 166?
83
What is the greatest common divisor of 10 and 9080?
10
What is the highest common factor of 2070 and 23?
23
Calculate the greatest common factor of 684 and 285.
57
Calculate the greatest common factor of 20 and 535.
5
What is the greatest common divisor of 18 and 18?
18
Calculate the greatest common divisor of 3 and 283.
1
Calculate the greatest common factor of 20 and 5540.
20
What is the highest common divisor of 136 and 256?
8
Calculate the highest common factor of 29 and 8381.
29
What is the highest common factor of 308 and 77?
77
What is the greatest common divisor of 5 and 680?
5
What is the greatest common divisor of 24 and 870?
6
Calculate the highest common factor of 16678 and 269.
269
Calculate the highest common factor of 48 and 7376.
16
Calculate the greatest common factor of 13 and 26.
13
What is the highest common factor of 90 and 1830?
30
What is the highest common factor of 1026 and 1330?
38
Calculate the greatest common factor of 588 and 24.
12
Calculate the highest common divisor of 34 and 391.
17
What is the greatest common divisor of 689 and 477?
53
What is the highest common factor of 1995 and 168?
21
Calculate the highest common divisor of 390 and 1482.
78
Calculate the highest common factor of 56 and 448.
56
Calculate the greatest common divisor of 18 and 13644.
18
Calculate the highest common divisor of 55 and 22.
11
Calculate the highest common divisor of 24 and 4056.
24
What is the greatest common factor of 589 and 1457?
31
What is the greatest common factor of 1287 and 297?
99
Calculate the greatest common divisor of 39 and 1170.
39
Calculate the highest common divisor of 168 and 10206.
42
Calculate the greatest common divisor of 954 and 106.
106
What is the greatest common factor of 2794 and 110?
22
What is the highest common divisor of 144477 and 27?
27
Calculate the greatest common factor of 6 and 98.
2
What is the greatest common divisor of 91 and 65?
13
Calculate the highest common divisor of 378 and 126.
126
Calculate the highest common factor of 1056 and 682.
22
Calculate the greatest common divisor of 73 and 2993.
73
Calculate the highest common divisor of 464 and 29.
29
Calculate the greatest common divisor of 872 and 80.
8
Calculate the greatest common divisor of 211 and 2.
1
Calculate the highest common factor of 27 and 585.
9
Calculate the highest common divisor of 11539 and 11.
11
What is the highest common factor of 84 and 2044?
28
What is the greatest common divisor of 90 and 378?
18
Calculate the highest common factor of 36 and 69.
3
What is the highest common divisor of 8160 and 1536?
96
What is the greatest common divisor of 60 and 1176?
12
What is the greatest common divisor of 574 and 126?
14
Calculate the greatest common factor of 2608 and 208.
16
What is the greatest common factor of 29 and 60871?
29
What is the highest common divisor of 2 and 4?
2
Calculate the highest common factor of 256 and 8896.
64
What is the highest common factor of 42 and 5894?
14
What is the highest common divisor of 432 and 252?
36
What is the greatest common divisor of 18 and 6?
6
Calculate the greatest common divisor of 3503 and 62.
31
What is the greatest common factor of 61 and 1403?
61
Calculate the greatest common factor of 59 and 12449.
59
What is the greatest common divisor of 533 and 943?
41
Calculate the highest common factor of 78 and 234.
78
What is the greatest common divisor of 69 and 6072?
69
Calculate the greatest common factor of 16 and 3824.
16
Calculate the highest common factor of 1225 and 49.
49
Calculate the greatest common factor of 59 and 3776.
59
What is the highest common divisor of 935 and 110?
55
What is the highest common factor of 1491 and 84?
21
What is the greatest common divisor of 35 and 14?
7
What is the highest common factor of 1269 and 81?
27
Calculate the highest common factor of 623 and 1691.
89
Calculate the highest common divisor of 110 and 40.
10
Calculate the highest common divisor of 10648 and 16.
8
What is the greatest common divisor of 8 and 332?
4
Calculate the greatest common factor of 11 and 319.
11
Calculate the highest common factor of 4 and 172.
4
What is the greatest common factor of 2772 and 11?
11
Calculate the highest common factor of 37 and 148.
37
What is the greatest common divisor of 1296 and 48?
48
Calculate the highest common factor of 1122 and 759.
33
Calculate the highest common divisor of 396 and 528.
132
What is the greatest common factor of 3 and 2757?
3
Calculate the greatest common divisor of 81 and 675.
27
Calculate the greatest common factor of 2225 and 89.
89
What is the greatest common factor of 552 and 168?
24
What is the highest common divisor of 33 and 3487?
11
What is the highest common factor of 180 and 135?
45
What is the highest common factor of 36 and 1452?
12
Calculate the highest common divisor of 264 and 32.
8
Calculate the greatest common divisor of 100 and 350.
50
What is the greatest common factor of 72 and 3120?
24
What is the highest common divisor of 140 and 100?
20
Calculate the highest common divisor of 208 and 4264.
104
Calculate the greatest common divisor of 527 and 1.
1
Calculate the greatest common divisor of 13427 and 87.
29
What is the greatest common divisor of 50 and 825?
25
Calculate the greatest common factor of 7171 and 71.
71
Calculate the greatest common divisor of 30 and 240.
30
Calculate the greatest common divisor of 10818 and 18.
18
What is the highest common factor of 264 and 924?
132
Calculate the greatest common factor of 816 and 153.
51
What is the highest common factor of 9216 and 36?
36
Calculate the greatest common factor of 10 and 130.
10
What is the highest common divisor of 15 and 5745?
15
What is the greatest common factor of 168 and 120?
24
Calculate the greatest common factor of 24 and 594.
6
What is the highest common divisor of 1349 and 19?
19
Calculate the highest common factor of 81 and 54.
27
Calculate the greatest common factor of 150 and 786.
6
Calculate the greatest common factor of 576 and 128.
64
What is the greatest common divisor of 171 and 18?
9
Calculate the greatest common factor of 29134 and 14.
14
What is the greatest common divisor of 1122 and 462?
66
Calculate the highest common factor of 1271 and 93.
31
Calculate the greatest common divisor of 296 and 37.
37
Calculate the greatest common divisor of 14 and 49.
7
What is the greatest common divisor of 416 and 184?
8
Calculate the greatest common factor of 486 and 216.
54
Calculate the highest common factor of 42 and 2478.
42
Calculate the greatest common factor of 779 and 437.
19
Calculate the greatest common divisor of 152 and 8588.
76
What is the highest common factor of 86 and 1591?
43
Calculate the highest common factor of 216 and 180.
36
What is the greatest common factor of 13349 and 7?
7
Calculate the greatest common factor of 17071 and 43.
43
Calculate the highest common factor of 9 and 2658.
3
What is the highest common factor of 12224 and 191?
191
Calculate the greatest common divisor of 580 and 300.
20
What is the highest common factor of 1912 and 12?
4
Calculate the greatest common divisor of 9 and 582.
3
What is the highest common divisor of 682 and 66?
22
What is the greatest common factor of 658 and 266?
14
Calculate the greatest common divisor of 45 and 19155.
15
Calculate the greatest common factor of 6 and 69.
3
Calculate the greatest common divisor of 114 and 76.
38
Calculate the highest common divisor of 9824 and 32.
32
Calculate the highest common divisor of 10803 and 1385.
277
What is the greatest common divisor of 62 and 3379?
31
Cal